{"id":1883,"date":"2022-06-26T21:46:11","date_gmt":"2022-06-26T19:46:11","guid":{"rendered":"https:\/\/sterneerleben.info\/beobachtungsarchiv\/?page_id=1883"},"modified":"2022-07-28T16:24:57","modified_gmt":"2022-07-28T14:24:57","slug":"25-06-22-planetenparade-voll","status":"publish","type":"page","link":"https:\/\/sterneerleben.info\/beobachtungsarchiv\/25-06-22-planetenparade-voll\/","title":{"rendered":"25.06.22 Planeten V"},"content":{"rendered":"<p>[et_pb_section fb_built=&#8220;1&#8243; _builder_version=&#8220;4.16&#8243; _module_preset=&#8220;default&#8220; background_color=&#8220;#222222&#8243; global_colors_info=&#8220;{}&#8220;][et_pb_row _builder_version=&#8220;4.16&#8243; _module_preset=&#8220;default&#8220; global_colors_info=&#8220;{}&#8220;][et_pb_column type=&#8220;4_4&#8243; _builder_version=&#8220;4.16&#8243; _module_preset=&#8220;default&#8220; global_colors_info=&#8220;{}&#8220;][et_pb_text _builder_version=&#8220;4.17.4&#8243; _module_preset=&#8220;default&#8220; text_text_color=&#8220;#DBDBDB&#8220; header_text_color=&#8220;#DBDBDB&#8220; global_colors_info=&#8220;{}&#8220;]<\/p>\n<h1>25. Juni 2022: Vollst\u00e4ndige Planetenparade mit Mondsichel &#8211; unbeschreiblich<\/h1>\n<p>[\/et_pb_text][\/et_pb_column][\/et_pb_row][et_pb_row _builder_version=&#8220;4.16&#8243; _module_preset=&#8220;default&#8220; global_colors_info=&#8220;{}&#8220;][et_pb_column type=&#8220;4_4&#8243; _builder_version=&#8220;4.16&#8243; _module_preset=&#8220;default&#8220; global_colors_info=&#8220;{}&#8220;][et_pb_image src=&#8220;https:\/\/sterneerleben.info\/beobachtungsarchiv\/wp-content\/uploads\/2022\/06\/220625_3120_planeten_V_mond_mars_jupi-scaled.jpg&#8220; alt=&#8220;Saturn im Steinbock&#8220; title_text=&#8220;220625_3120_planeten_V_mond_mars_jupi&#8220; _builder_version=&#8220;4.17.4&#8243; _module_preset=&#8220;default&#8220; global_colors_info=&#8220;{}&#8220;][\/et_pb_image][et_pb_text _builder_version=&#8220;4.17.4&#8243; _module_preset=&#8220;default&#8220; global_colors_info=&#8220;{}&#8220;]<span style=\"color: #ffffff;\">25.06.2022, 03:33 Uhr: Belpberg (Chutze): Blick gegen O: Links unten (Pfeil) ist das Siebengestirn zu erkennen. Danach folgen in den Fischen die Planeten Mars und Jupiter. Der Pfeil am oberen Bildrand zeigt auf den Andromeda-Nebel.<\/span><\/p>\n<p><span style=\"color: #ffffff;\">Nikon D850, 8 s, f\/2.8, 3&#8217;200, ISO, 24 mm [24 \u2013 70 mm, Sigma] (Foto: hh).<\/span>[\/et_pb_text][\/et_pb_column][\/et_pb_row][et_pb_row _builder_version=&#8220;4.16&#8243; _module_preset=&#8220;default&#8220; global_colors_info=&#8220;{}&#8220;][et_pb_column type=&#8220;4_4&#8243; _builder_version=&#8220;4.16&#8243; _module_preset=&#8220;default&#8220; global_colors_info=&#8220;{}&#8220;][et_pb_image src=&#8220;https:\/\/sterneerleben.info\/beobachtungsarchiv\/wp-content\/uploads\/2022\/06\/220625_3121_planeten_V_mars_jupi_steinbock-scaled.jpg&#8220; alt=&#8220;Saturn im Steinbock&#8220; title_text=&#8220;220625_3121_planeten_V_mars_jupi_steinbock&#8220; _builder_version=&#8220;4.17.4&#8243; _module_preset=&#8220;default&#8220; global_colors_info=&#8220;{}&#8220;][\/et_pb_image][et_pb_text _builder_version=&#8220;4.17.4&#8243; _module_preset=&#8220;default&#8220; global_colors_info=&#8220;{}&#8220;]<span style=\"color: #ffffff;\">25.06.2022, 03:33 Uhr: Belpberg (Chutze): Dreht man sich leicht gegen rechts (S\u00fcden), so taucht neben dem Mars und dem Jupiter noch der Planet Saturn beim Schwanz des Steinbocks auf (Pfeil ganz rechts). Zwischen den Fischen und dem Steinbock liegt der Wassermann.<\/span><\/p>\n<p><span style=\"color: #ffffff;\">Nikon D850, 8 s, f\/2.8, 3&#8217;200, ISO, 24 mm [24 \u2013 70 mm, Sigma] (Foto: hh).<\/span>[\/et_pb_text][\/et_pb_column][\/et_pb_row][et_pb_row _builder_version=&#8220;4.16&#8243; _module_preset=&#8220;default&#8220; global_colors_info=&#8220;{}&#8220;][et_pb_column type=&#8220;4_4&#8243; _builder_version=&#8220;4.16&#8243; _module_preset=&#8220;default&#8220; global_colors_info=&#8220;{}&#8220;][et_pb_image src=&#8220;https:\/\/sterneerleben.info\/beobachtungsarchiv\/wp-content\/uploads\/2022\/06\/220625_3125_planeten_V_saturn_steinbock-scaled.jpg&#8220; alt=&#8220;Saturn im Steinbock&#8220; title_text=&#8220;220625_3125_planeten_V_saturn_steinbock&#8220; _builder_version=&#8220;4.17.4&#8243; _module_preset=&#8220;default&#8220; global_colors_info=&#8220;{}&#8220;][\/et_pb_image][et_pb_text _builder_version=&#8220;4.17.4&#8243; _module_preset=&#8220;default&#8220; global_colors_info=&#8220;{}&#8220;]<span style=\"color: #ffffff;\">25.06.2022, 03:34 Uhr: Blickt man ganz gegen S\u00fcden, so kommt der vollst\u00e4ndige Steinbock zum Vorschein. Der Saturn sitzt in der Tat auf dem Schwanz von diesem m\u00e4chtigen Tier. Gegen S\u00fcdwesten ist die Milchstrasse zu sehen, die sich bis zum Sch\u00fctzen hinunter erstreckt.<\/span><\/p>\n<p><span style=\"color: #ffffff;\">Nikon D850, 8 s, f\/2.8, 6&#8217;400, ISO, 24 mm [24 \u2013 70 mm, Sigma] (Foto: hh).<\/span>[\/et_pb_text][\/et_pb_column][\/et_pb_row][et_pb_row _builder_version=&#8220;4.16&#8243; _module_preset=&#8220;default&#8220; global_colors_info=&#8220;{}&#8220;][et_pb_column type=&#8220;4_4&#8243; _builder_version=&#8220;4.16&#8243; _module_preset=&#8220;default&#8220; global_colors_info=&#8220;{}&#8220;][et_pb_image src=&#8220;https:\/\/sterneerleben.info\/beobachtungsarchiv\/wp-content\/uploads\/2022\/06\/220625_3129_planeten_V_mars_wintersternbilder-scaled.jpg&#8220; alt=&#8220;Saturn im Steinbock&#8220; title_text=&#8220;220625_3129_planeten_V_mars_wintersternbilder&#8220; _builder_version=&#8220;4.17.4&#8243; _module_preset=&#8220;default&#8220; global_colors_info=&#8220;{}&#8220;][\/et_pb_image][et_pb_text _builder_version=&#8220;4.17.4&#8243; _module_preset=&#8220;default&#8220; global_colors_info=&#8220;{}&#8220;]<span style=\"color: #ffffff;\">25.06.2022, 03:38 Uhr: Nun drehen wir uns wieder zur\u00fcck gegen Osten. Rechts in den Fischen sitzt bekanntlich der Mars. Auch das Siebengestirn kennen wir schon. Dar\u00fcber liegt der Perseus und links gegen Nordosten geht gerader das Wintersternbild Fuhrmann mit den zwei Zicklein auf.<\/span><\/p>\n<p><span style=\"color: #ffffff;\">Nikon D850, 8 s, f\/2.8, 3&#8217;200, ISO, 24 mm [24 \u2013 70 mm, Sigma] (Foto: hh).<\/span>[\/et_pb_text][\/et_pb_column][\/et_pb_row][et_pb_row _builder_version=&#8220;4.16&#8243; _module_preset=&#8220;default&#8220; global_colors_info=&#8220;{}&#8220;][et_pb_column type=&#8220;4_4&#8243; _builder_version=&#8220;4.16&#8243; _module_preset=&#8220;default&#8220; global_colors_info=&#8220;{}&#8220;][et_pb_image src=&#8220;https:\/\/sterneerleben.info\/beobachtungsarchiv\/wp-content\/uploads\/2022\/06\/220625_3131_planeten_V_venus-scaled.jpg&#8220; alt=&#8220;Saturn im Steinbock&#8220; title_text=&#8220;220625_3131_planeten_V_venus&#8220; _builder_version=&#8220;4.17.4&#8243; _module_preset=&#8220;default&#8220; global_colors_info=&#8220;{}&#8220;][\/et_pb_image][et_pb_text _builder_version=&#8220;4.17.4&#8243; _module_preset=&#8220;default&#8220; global_colors_info=&#8220;{}&#8220;]<span style=\"color: #ffffff;\">25.06.2022, 03:55 Uhr: Blick zur\u00fcck nach Osten: Beim Pfeil ist die aufgehende Venus zu sehen. Rechts davon nochmals die \u00fcberbelichtete Mondsichel, der Mars und der Jupiter. <\/span><\/p>\n<p><span style=\"color: #ffffff;\">Nikon D850, 8 s, f\/2.8, 1&#8217;600, ISO, 24 mm [24 \u2013 70 mm, Sigma] (Foto: hh).<\/span>[\/et_pb_text][\/et_pb_column][\/et_pb_row][et_pb_row _builder_version=&#8220;4.16&#8243; _module_preset=&#8220;default&#8220; global_colors_info=&#8220;{}&#8220;][et_pb_column type=&#8220;4_4&#8243; _builder_version=&#8220;4.16&#8243; _module_preset=&#8220;default&#8220; global_colors_info=&#8220;{}&#8220;][et_pb_image src=&#8220;https:\/\/sterneerleben.info\/beobachtungsarchiv\/wp-content\/uploads\/2022\/06\/220625_3145_planeten_V_merkur_I-scaled.jpg&#8220; alt=&#8220;Saturn im Steinbock&#8220; title_text=&#8220;220625_3145_planeten_V_merkur_I&#8220; _builder_version=&#8220;4.17.4&#8243; _module_preset=&#8220;default&#8220; global_colors_info=&#8220;{}&#8220;][\/et_pb_image][et_pb_text _builder_version=&#8220;4.17.4&#8243; _module_preset=&#8220;default&#8220; global_colors_info=&#8220;{}&#8220;]<span style=\"color: #ffffff;\">25.06.2022, 04:36 Uhr: Rund 3\/4 Stunden sp\u00e4ter geht beim Pfeil unten links der Merkur auf. Auf diesem Bild ist er kaum zu erkennen. Weiter rechts sieht man wieder Venus, Mondsichel, Mars und Jupiter. Interessanterweise entspricht die Anordnung der Planeten am Himmel zur Zeit gerade ihrer Reihenfolge in Bezug zu ihren Abst\u00e4nden von der Sonne.<\/span><\/p>\n<p><span style=\"color: #ffffff;\">Nikon D850, 8 s, f\/5.6, 1&#8217;600, ISO, 24 mm [24 \u2013 70 mm, Sigma] (Foto: hh).<\/span>[\/et_pb_text][\/et_pb_column][\/et_pb_row][et_pb_row _builder_version=&#8220;4.16&#8243; _module_preset=&#8220;default&#8220; global_colors_info=&#8220;{}&#8220;][et_pb_column type=&#8220;4_4&#8243; _builder_version=&#8220;4.16&#8243; _module_preset=&#8220;default&#8220; global_colors_info=&#8220;{}&#8220;][et_pb_image src=&#8220;https:\/\/sterneerleben.info\/beobachtungsarchiv\/wp-content\/uploads\/2022\/06\/220625_3151_planeten_V_merkur_II-scaled.jpg&#8220; alt=&#8220;Saturn im Steinbock&#8220; title_text=&#8220;220625_3151_planeten_V_merkur_II&#8220; _builder_version=&#8220;4.17.4&#8243; _module_preset=&#8220;default&#8220; global_colors_info=&#8220;{}&#8220;][\/et_pb_image][et_pb_text _builder_version=&#8220;4.17.4&#8243; _module_preset=&#8220;default&#8220; global_colors_info=&#8220;{}&#8220;]<span style=\"color: #ffffff;\">25.06.2022, 04:42 Uhr: Zoomt man etwas n\u00e4her heran, so ist auch Merkur ganz schwach zu erkennen (linker Pfeil). Merkur ist ja bekanntlich ein flinker Planet, der sich immer in der N\u00e4he der Sonne aufh\u00e4lt. Man kann ihn deshalb nur in kurzen Zeitfenstern beobachten. Wenn er weiter von der Sonne entfernt ist, ist er jeweils viel heller, wie es sich f\u00fcr einen von blossem Auge sichtbaren Planeten auch geh\u00f6rt. Dies war zum Beispiel <a href=\"https:\/\/sterneerleben.info\/beobachtungsarchiv\/17-12-2016-heller-merkur\/\" target=\"_blank\" rel=\"noopener\">&gt; am 17. Dezember 2016<\/a> der Fall.<\/span><\/p>\n<p><span style=\"color: #ffffff;\">Nikon D850, 1\/6 s, f\/5.6, 800, ISO, 70 mm [24 \u2013 70 mm, Sigma] (Foto: hh).<\/span>[\/et_pb_text][\/et_pb_column][\/et_pb_row][et_pb_row _builder_version=&#8220;4.16&#8243; _module_preset=&#8220;default&#8220; global_colors_info=&#8220;{}&#8220;][et_pb_column type=&#8220;4_4&#8243; _builder_version=&#8220;4.16&#8243; _module_preset=&#8220;default&#8220; global_colors_info=&#8220;{}&#8220;][et_pb_text _builder_version=&#8220;4.17.4&#8243; _module_preset=&#8220;default&#8220; text_font_size=&#8220;11px&#8220; global_colors_info=&#8220;{}&#8220;]<\/p>\n<p><span style=\"color: #999999;\">Aktualisiert am 26.06.2022 \/ heinz.hofer[\u00e4t]quicknet.ch<\/span><\/p>\n<p>[\/et_pb_text][\/et_pb_column][\/et_pb_row][\/et_pb_section]<\/p>\n","protected":false},"excerpt":{"rendered":"<p>25. Juni 2022: Vollst\u00e4ndige Planetenparade mit Mondsichel &#8211; unbeschreiblich25.06.2022, 03:33 Uhr: Belpberg (Chutze): Blick gegen O: Links unten (Pfeil) ist das Siebengestirn zu erkennen. Danach folgen in den Fischen die Planeten Mars und Jupiter. Der Pfeil am oberen Bildrand zeigt auf den Andromeda-Nebel. Nikon D850, 8 s, f\/2.8, 3&#8217;200, ISO, 24 mm [24 \u2013 70 [&hellip;]<\/p>\n","protected":false},"author":1,"featured_media":0,"parent":0,"menu_order":0,"comment_status":"closed","ping_status":"closed","template":"","meta":{"_et_pb_use_builder":"on","_et_pb_old_content":"","_et_gb_content_width":"","footnotes":""},"class_list":["post-1883","page","type-page","status-publish","hentry"],"_links":{"self":[{"href":"https:\/\/sterneerleben.info\/beobachtungsarchiv\/wp-json\/wp\/v2\/pages\/1883","targetHints":{"allow":["GET"]}}],"collection":[{"href":"https:\/\/sterneerleben.info\/beobachtungsarchiv\/wp-json\/wp\/v2\/pages"}],"about":[{"href":"https:\/\/sterneerleben.info\/beobachtungsarchiv\/wp-json\/wp\/v2\/types\/page"}],"author":[{"embeddable":true,"href":"https:\/\/sterneerleben.info\/beobachtungsarchiv\/wp-json\/wp\/v2\/users\/1"}],"replies":[{"embeddable":true,"href":"https:\/\/sterneerleben.info\/beobachtungsarchiv\/wp-json\/wp\/v2\/comments?post=1883"}],"version-history":[{"count":9,"href":"https:\/\/sterneerleben.info\/beobachtungsarchiv\/wp-json\/wp\/v2\/pages\/1883\/revisions"}],"predecessor-version":[{"id":1908,"href":"https:\/\/sterneerleben.info\/beobachtungsarchiv\/wp-json\/wp\/v2\/pages\/1883\/revisions\/1908"}],"wp:attachment":[{"href":"https:\/\/sterneerleben.info\/beobachtungsarchiv\/wp-json\/wp\/v2\/media?parent=1883"}],"curies":[{"name":"wp","href":"https:\/\/api.w.org\/{rel}","templated":true}]}}