{"id":1758,"date":"2022-04-29T10:04:58","date_gmt":"2022-04-29T08:04:58","guid":{"rendered":"https:\/\/sterneerleben.info\/beobachtungsarchiv\/?page_id=1758"},"modified":"2022-05-23T22:07:29","modified_gmt":"2022-05-23T20:07:29","slug":"28-04-22-planetenparade","status":"publish","type":"page","link":"https:\/\/sterneerleben.info\/beobachtungsarchiv\/28-04-22-planetenparade\/","title":{"rendered":"28.04.22 Planetenparade"},"content":{"rendered":"<p>[et_pb_section fb_built=&#8220;1&#8243; _builder_version=&#8220;4.16&#8243; _module_preset=&#8220;default&#8220; background_color=&#8220;#222222&#8243; global_colors_info=&#8220;{}&#8220;][et_pb_row _builder_version=&#8220;4.16&#8243; _module_preset=&#8220;default&#8220; global_colors_info=&#8220;{}&#8220;][et_pb_column type=&#8220;4_4&#8243; _builder_version=&#8220;4.16&#8243; _module_preset=&#8220;default&#8220; global_colors_info=&#8220;{}&#8220;][et_pb_text _builder_version=&#8220;4.17.3&#8243; _module_preset=&#8220;default&#8220; text_text_color=&#8220;#DBDBDB&#8220; header_text_color=&#8220;#DBDBDB&#8220; global_colors_info=&#8220;{}&#8220;]<\/p>\n<h1>28. April 2022: Die 4 hellsten Planeten tauchen am Morgenhimmel auf<\/h1>\n<p>[\/et_pb_text][et_pb_image src=&#8220;https:\/\/sterneerleben.info\/beobachtungsarchiv\/wp-content\/uploads\/2022\/04\/220428_planatenparade_01-scaled.jpg&#8220; alt=&#8220;220428_planatenparade_01&#8243; title_text=&#8220;220428_planatenparade_01&#8243; _builder_version=&#8220;4.17.3&#8243; _module_preset=&#8220;default&#8220; global_colors_info=&#8220;{}&#8220;][\/et_pb_image][et_pb_text _builder_version=&#8220;4.17.4&#8243; _module_preset=&#8220;default&#8220; text_text_color=&#8220;#DBDBDB&#8220; custom_padding=&#8220;||0px|||&#8220; hover_enabled=&#8220;0&#8243; global_colors_info=&#8220;{}&#8220; sticky_enabled=&#8220;0&#8243;]28.04.2022, zwischen 05:25 und 05:45 Uhr: Beatenberg: Blick gegen OSO: Der Saturn h\u00e4lt sich immer noch in der N\u00e4he des Steinbocks auf. Links ist der r\u00f6tliche Mars dazugekommen. Der &#8222;Planet&#8220; bei der Eigerflanke ist das Licht der Mittellegih\u00fctte.<\/p>\n<p>Nikon D850, 1 s, f\/2.8, 3&#8217;200, ISO 3&#8217;200, 50 mm [24 \u2013 70 mm, Sigma] (Foto:hh).[\/et_pb_text][et_pb_image src=&#8220;https:\/\/sterneerleben.info\/beobachtungsarchiv\/wp-content\/uploads\/2022\/05\/220428_planatenparade_02_neu_III-scaled.jpg&#8220; title_text=&#8220;220428_planatenparade_02_neu_III&#8220; _builder_version=&#8220;4.17.4&#8243; _module_preset=&#8220;default&#8220; global_colors_info=&#8220;{}&#8220;][\/et_pb_image][et_pb_text _builder_version=&#8220;4.17.4&#8243; _module_preset=&#8220;default&#8220; hover_enabled=&#8220;0&#8243; global_colors_info=&#8220;{}&#8220; sticky_enabled=&#8220;0&#8243;]<\/p>\n<p><span style=\"color: #ffffff;\">28.04.2022, zwischen 05:25 und 05:45 Uhr: Beatenberg: Blick gegen OSO: In welchem Sternbild h\u00e4lt sich der Mars auf? Im Bild sind Teile des Wassermanns mit Strichen dargestellt. Insbesondere ist der Lambda-Stern dieses Sternbildes markiert.<\/span><\/p>\n<p><span style=\"color: #ffffff;\">Nikon D850, 1 s, f\/2.8, 3&#8217;200, ISO 320, 70 mm [24 \u2013 70 mm, Sigma] (Foto:hh).<\/span><\/p>\n<p>[\/et_pb_text][et_pb_image src=&#8220;https:\/\/sterneerleben.info\/beobachtungsarchiv\/wp-content\/uploads\/2022\/04\/220428_planatenparade_03-scaled.jpg&#8220; alt=&#8220;220428_planatenparade_03&#8243; title_text=&#8220;220428_planatenparade_03&#8243; _builder_version=&#8220;4.17.3&#8243; _module_preset=&#8220;default&#8220; global_colors_info=&#8220;{}&#8220;][\/et_pb_image][et_pb_text _builder_version=&#8220;4.17.4&#8243; _module_preset=&#8220;default&#8220; hover_enabled=&#8220;0&#8243; global_colors_info=&#8220;{}&#8220; sticky_enabled=&#8220;0&#8243;]<\/p>\n<p><span style=\"color: #ffffff;\">Ein paar Minuten sp\u00e4ter ist links noch die helle Venus dazugekommen&#8230;<\/span><\/p>\n<p><span style=\"color: #ffffff;\">Nikon D850, 0.8 s, f\/2.8, ISO 125, 36 mm [24 &#8211; 70 mm] (Foto: hh).<\/span>[\/et_pb_text][et_pb_image src=&#8220;https:\/\/sterneerleben.info\/beobachtungsarchiv\/wp-content\/uploads\/2022\/04\/220428_planatenparade_04-scaled.jpg&#8220; alt=&#8220;220428_planatenparade_04&#8243; title_text=&#8220;220428_planatenparade_04&#8243; _builder_version=&#8220;4.17.3&#8243; _module_preset=&#8220;default&#8220; global_colors_info=&#8220;{}&#8220;][\/et_pb_image][et_pb_text _builder_version=&#8220;4.17.3&#8243; _module_preset=&#8220;default&#8220; hover_enabled=&#8220;0&#8243; global_colors_info=&#8220;{}&#8220; sticky_enabled=&#8220;0&#8243;]<\/p>\n<p><span style=\"color: #ffffff;\">&#8230;und gleich darauf tauchte auch Jupiter auf.<\/span><\/p>\n<p><span style=\"color: #ffffff;\">Nikon D850, 0.125 s, f\/2.8, ISO 125, 70 mm [24 &#8211; 70 mm] (Foto: hh).<\/span><\/p>\n<p>[\/et_pb_text][\/et_pb_column][\/et_pb_row][et_pb_row _builder_version=&#8220;4.16&#8243; _module_preset=&#8220;default&#8220; global_colors_info=&#8220;{}&#8220;][et_pb_column type=&#8220;4_4&#8243; _builder_version=&#8220;4.16&#8243; _module_preset=&#8220;default&#8220; global_colors_info=&#8220;{}&#8220;][\/et_pb_column][\/et_pb_row][et_pb_row _builder_version=&#8220;4.16&#8243; _module_preset=&#8220;default&#8220; global_colors_info=&#8220;{}&#8220;][et_pb_column type=&#8220;4_4&#8243; _builder_version=&#8220;4.16&#8243; _module_preset=&#8220;default&#8220; global_colors_info=&#8220;{}&#8220;][et_pb_text _builder_version=&#8220;4.17.3&#8243; _module_preset=&#8220;default&#8220; text_font_size=&#8220;11px&#8220; global_colors_info=&#8220;{}&#8220;]<\/p>\n<p><span style=\"color: #999999;\">Aktualisiert am 29.04.2022 \/ heinz.hofer[\u00e4t]quicknet.ch<\/span><\/p>\n<p>[\/et_pb_text][\/et_pb_column][\/et_pb_row][\/et_pb_section]<\/p>\n","protected":false},"excerpt":{"rendered":"<p>28. April 2022: Die 4 hellsten Planeten tauchen am Morgenhimmel auf28.04.2022, zwischen 05:25 und 05:45 Uhr: Beatenberg: Blick gegen OSO: Der Saturn h\u00e4lt sich immer noch in der N\u00e4he des Steinbocks auf. Links ist der r\u00f6tliche Mars dazugekommen. Der &#8222;Planet&#8220; bei der Eigerflanke ist das Licht der Mittellegih\u00fctte. Nikon D850, 1 s, f\/2.8, 3&#8217;200, ISO [&hellip;]<\/p>\n","protected":false},"author":1,"featured_media":0,"parent":0,"menu_order":0,"comment_status":"closed","ping_status":"closed","template":"","meta":{"_et_pb_use_builder":"on","_et_pb_old_content":"","_et_gb_content_width":"","footnotes":""},"class_list":["post-1758","page","type-page","status-publish","hentry"],"_links":{"self":[{"href":"https:\/\/sterneerleben.info\/beobachtungsarchiv\/wp-json\/wp\/v2\/pages\/1758","targetHints":{"allow":["GET"]}}],"collection":[{"href":"https:\/\/sterneerleben.info\/beobachtungsarchiv\/wp-json\/wp\/v2\/pages"}],"about":[{"href":"https:\/\/sterneerleben.info\/beobachtungsarchiv\/wp-json\/wp\/v2\/types\/page"}],"author":[{"embeddable":true,"href":"https:\/\/sterneerleben.info\/beobachtungsarchiv\/wp-json\/wp\/v2\/users\/1"}],"replies":[{"embeddable":true,"href":"https:\/\/sterneerleben.info\/beobachtungsarchiv\/wp-json\/wp\/v2\/comments?post=1758"}],"version-history":[{"count":6,"href":"https:\/\/sterneerleben.info\/beobachtungsarchiv\/wp-json\/wp\/v2\/pages\/1758\/revisions"}],"predecessor-version":[{"id":1795,"href":"https:\/\/sterneerleben.info\/beobachtungsarchiv\/wp-json\/wp\/v2\/pages\/1758\/revisions\/1795"}],"wp:attachment":[{"href":"https:\/\/sterneerleben.info\/beobachtungsarchiv\/wp-json\/wp\/v2\/media?parent=1758"}],"curies":[{"name":"wp","href":"https:\/\/api.w.org\/{rel}","templated":true}]}}

<p>[et_pb_section fb_built=&#8220;1&#8243; _builder_version=&#8220;4.16&#8243; _module_preset=&#8220;default&#8220; background_color=&#8220;#222222&#8243; global_colors_info=&#8220;{}&#8220;][et_pb_row _builder_version=&#8220;4.16&#8243; _module_preset=&#8220;default&#8220; global_colors_info=&#8220;{}&#8220;][et_pb_column type=&#8220;4_4&#8243; _builder_version=&#8220;4.16&#8243; _module_preset=&#8220;default&#8220; global_colors_info=&#8220;{}&#8220;][et_pb_text _builder_version=&#8220;4.17.3&#8243; _module_preset=&#8220;default&#8220; text_text_color=&#8220;#DBDBDB&#8220; header_text_color=&#8220;#DBDBDB&#8220; global_colors_info=&#8220;{}&#8220;]</p>
<h1>28. April 2022: Die 4 hellsten Planeten tauchen am Morgenhimmel auf</h1>
<p>[/et_pb_text][et_pb_image src=&#8220;https://sterneerleben.info/beobachtungsarchiv/wp-content/uploads/2022/04/220428_planatenparade_01-scaled.jpg&#8220; alt=&#8220;220428_planatenparade_01&#8243; title_text=&#8220;220428_planatenparade_01&#8243; _builder_version=&#8220;4.17.3&#8243; _module_preset=&#8220;default&#8220; global_colors_info=&#8220;{}&#8220;][/et_pb_image][et_pb_text _builder_version=&#8220;4.17.4&#8243; _module_preset=&#8220;default&#8220; text_text_color=&#8220;#DBDBDB&#8220; custom_padding=&#8220;||0px|||&#8220; hover_enabled=&#8220;0&#8243; global_colors_info=&#8220;{}&#8220; sticky_enabled=&#8220;0&#8243;]28.04.2022, zwischen 05:25 und 05:45 Uhr: Beatenberg: Blick gegen OSO: Der Saturn hält sich immer noch in der Nähe des Steinbocks auf. Links ist der rötliche Mars dazugekommen. Der &#8222;Planet&#8220; bei der Eigerflanke ist das Licht der Mittellegihütte.</p>
<p>Nikon D850, 1 s, f/2.8, 3&#8217;200, ISO 3&#8217;200, 50 mm [24 – 70 mm, Sigma] (Foto:hh).[/et_pb_text][et_pb_image src=&#8220;https://sterneerleben.info/beobachtungsarchiv/wp-content/uploads/2022/05/220428_planatenparade_02_neu_III-scaled.jpg&#8220; title_text=&#8220;220428_planatenparade_02_neu_III&#8220; _builder_version=&#8220;4.17.4&#8243; _module_preset=&#8220;default&#8220; global_colors_info=&#8220;{}&#8220;][/et_pb_image][et_pb_text _builder_version=&#8220;4.17.4&#8243; _module_preset=&#8220;default&#8220; hover_enabled=&#8220;0&#8243; global_colors_info=&#8220;{}&#8220; sticky_enabled=&#8220;0&#8243;]</p>
<p><span style="color: #ffffff;">28.04.2022, zwischen 05:25 und 05:45 Uhr: Beatenberg: Blick gegen OSO: In welchem Sternbild hält sich der Mars auf? Im Bild sind Teile des Wassermanns mit Strichen dargestellt. Insbesondere ist der Lambda-Stern dieses Sternbildes markiert.</span></p>
<p><span style="color: #ffffff;">Nikon D850, 1 s, f/2.8, 3&#8217;200, ISO 320, 70 mm [24 – 70 mm, Sigma] (Foto:hh).</span></p>
<p>[/et_pb_text][et_pb_image src=&#8220;https://sterneerleben.info/beobachtungsarchiv/wp-content/uploads/2022/04/220428_planatenparade_03-scaled.jpg&#8220; alt=&#8220;220428_planatenparade_03&#8243; title_text=&#8220;220428_planatenparade_03&#8243; _builder_version=&#8220;4.17.3&#8243; _module_preset=&#8220;default&#8220; global_colors_info=&#8220;{}&#8220;][/et_pb_image][et_pb_text _builder_version=&#8220;4.17.4&#8243; _module_preset=&#8220;default&#8220; hover_enabled=&#8220;0&#8243; global_colors_info=&#8220;{}&#8220; sticky_enabled=&#8220;0&#8243;]</p>
<p><span style="color: #ffffff;">Ein paar Minuten später ist links noch die helle Venus dazugekommen&#8230;</span></p>
<p><span style="color: #ffffff;">Nikon D850, 0.8 s, f/2.8, ISO 125, 36 mm [24 &#8211; 70 mm] (Foto: hh).</span>[/et_pb_text][et_pb_image src=&#8220;https://sterneerleben.info/beobachtungsarchiv/wp-content/uploads/2022/04/220428_planatenparade_04-scaled.jpg&#8220; alt=&#8220;220428_planatenparade_04&#8243; title_text=&#8220;220428_planatenparade_04&#8243; _builder_version=&#8220;4.17.3&#8243; _module_preset=&#8220;default&#8220; global_colors_info=&#8220;{}&#8220;][/et_pb_image][et_pb_text _builder_version=&#8220;4.17.3&#8243; _module_preset=&#8220;default&#8220; hover_enabled=&#8220;0&#8243; global_colors_info=&#8220;{}&#8220; sticky_enabled=&#8220;0&#8243;]</p>
<p><span style="color: #ffffff;">&#8230;und gleich darauf tauchte auch Jupiter auf.</span></p>
<p><span style="color: #ffffff;">Nikon D850, 0.125 s, f/2.8, ISO 125, 70 mm [24 &#8211; 70 mm] (Foto: hh).</span></p>
<p>[/et_pb_text][/et_pb_column][/et_pb_row][et_pb_row _builder_version=&#8220;4.16&#8243; _module_preset=&#8220;default&#8220; global_colors_info=&#8220;{}&#8220;][et_pb_column type=&#8220;4_4&#8243; _builder_version=&#8220;4.16&#8243; _module_preset=&#8220;default&#8220; global_colors_info=&#8220;{}&#8220;][/et_pb_column][/et_pb_row][et_pb_row _builder_version=&#8220;4.16&#8243; _module_preset=&#8220;default&#8220; global_colors_info=&#8220;{}&#8220;][et_pb_column type=&#8220;4_4&#8243; _builder_version=&#8220;4.16&#8243; _module_preset=&#8220;default&#8220; global_colors_info=&#8220;{}&#8220;][et_pb_text _builder_version=&#8220;4.17.3&#8243; _module_preset=&#8220;default&#8220; text_font_size=&#8220;11px&#8220; global_colors_info=&#8220;{}&#8220;]</p>
<p><span style="color: #999999;">Aktualisiert am 29.04.2022 / heinz.hofer[ät]quicknet.ch</span></p>
<p>[/et_pb_text][/et_pb_column][/et_pb_row][/et_pb_section]</p>

<p>28. April 2022: Die 4 hellsten Planeten tauchen am Morgenhimmel auf28.04.2022, zwischen 05:25 und 05:45 Uhr: Beatenberg: Blick gegen OSO: Der Saturn hält sich immer noch in der Nähe des Steinbocks auf. Links ist der rötliche Mars dazugekommen. Der &#8222;Planet&#8220; bei der Eigerflanke ist das Licht der Mittellegihütte. Nikon D850, 1 s, f/2.8, 3&#8217;200, ISO [&hellip;]</p>
