{"id":1470,"date":"2021-08-14T18:30:38","date_gmt":"2021-08-14T16:30:38","guid":{"rendered":"https:\/\/sterneerleben.info\/beobachtungsarchiv\/?page_id=1470"},"modified":"2021-08-14T21:00:38","modified_gmt":"2021-08-14T19:00:38","slug":"13-08-21-sternbewegung","status":"publish","type":"page","link":"https:\/\/sterneerleben.info\/beobachtungsarchiv\/13-08-21-sternbewegung\/","title":{"rendered":"13.08.21 Sternbewegen"},"content":{"rendered":"<p>[et_pb_section fb_built=&#8220;1&#8243; _builder_version=&#8220;4.9.2&#8243; _module_preset=&#8220;default&#8220; background_color=&#8220;#222222&#8243; global_colors_info=&#8220;{}&#8220;][et_pb_row _builder_version=&#8220;4.9.2&#8243; _module_preset=&#8220;default&#8220; global_colors_info=&#8220;{}&#8220;][et_pb_column type=&#8220;4_4&#8243; _builder_version=&#8220;4.9.2&#8243; _module_preset=&#8220;default&#8220; global_colors_info=&#8220;{}&#8220;][et_pb_text _builder_version=&#8220;4.9.11&#8243; _module_preset=&#8220;default&#8220; text_text_color=&#8220;#DBDBDB&#8220; header_text_color=&#8220;#DBDBDB&#8220; custom_padding=&#8220;0px|||||&#8220; global_colors_info=&#8220;{}&#8220;]<\/p>\n<h1>13. August 2021: Der Grosse B\u00e4r geht in der Schweiz nie unter<\/h1>\n<p>[\/et_pb_text][et_pb_image src=&#8220;https:\/\/sterneerleben.info\/beobachtungsarchiv\/wp-content\/uploads\/2021\/08\/210813_gr_baer_2200_ohne_web.jpg&#8220; alt=&#8220;Bewegung Gr. B\u00e4r 2200 ohne Striche&#8220; title_text=&#8220;210813_gr_baer_2200_ohne_web&#8220; _builder_version=&#8220;4.9.11&#8243; _module_preset=&#8220;default&#8220; hover_enabled=&#8220;0&#8243; global_colors_info=&#8220;{}&#8220; sticky_enabled=&#8220;0&#8243;][\/et_pb_image][et_pb_text _builder_version=&#8220;4.9.11&#8243; _module_preset=&#8220;default&#8220; text_text_color=&#8220;#DBDBDB&#8220; custom_padding=&#8220;||0px|||&#8220; hover_enabled=&#8220;0&#8243; global_colors_info=&#8220;{}&#8220; sticky_enabled=&#8220;0&#8243;]<\/p>\n<p>13.08.2021, 22.00 &#8211; 01.00 Uhr, Wilderswil, Richtung Harder (Norden): Der Grosse B\u00e4r und der Kleine B\u00e4r mit dem Polarstern wurden alle rund 30 Minuten fotografiert (22.00, 22.30, 23.00, 23.30, 24.00, 00.30 und 01.00 Uhr). Verfolge einmal die Bewegung der Sterne. Auf dem letzten Bild siehst du alle 7 Positionen der Sternbilder auf einem Bild.<br \/>Nikon D850: 4 s, f\/2.8, 1600 ISO, 24 mm [24-70 mm] (Foto: hh).<\/p>\n<p>[\/et_pb_text][et_pb_image src=&#8220;https:\/\/sterneerleben.info\/beobachtungsarchiv\/wp-content\/uploads\/2021\/08\/210813_gr_baer_2200_web.jpg&#8220; alt=&#8220;Bewegung Gr. B\u00e4r 2200&#8243; title_text=&#8220;210813_gr_baer_2200_web&#8220; _builder_version=&#8220;4.9.11&#8243; _module_preset=&#8220;default&#8220; global_colors_info=&#8220;{}&#8220;][\/et_pb_image][et_pb_image src=&#8220;https:\/\/sterneerleben.info\/beobachtungsarchiv\/wp-content\/uploads\/2021\/08\/210813_gr_baer_2230_web.jpg&#8220; alt=&#8220;Grosser B\u00e4r&#8220; title_text=&#8220;210813_gr_baer_2230_web&#8220; _builder_version=&#8220;4.9.11&#8243; _module_preset=&#8220;default&#8220; global_colors_info=&#8220;{}&#8220;][\/et_pb_image][et_pb_image src=&#8220;https:\/\/sterneerleben.info\/beobachtungsarchiv\/wp-content\/uploads\/2021\/08\/210813_gr_baer_2300_web.jpg&#8220; alt=&#8220;Bewegung Gr. B\u00e4r 2300&#8243; title_text=&#8220;210813_gr_baer_2300_web&#8220; _builder_version=&#8220;4.9.11&#8243; _module_preset=&#8220;default&#8220; global_colors_info=&#8220;{}&#8220;][\/et_pb_image][et_pb_image src=&#8220;https:\/\/sterneerleben.info\/beobachtungsarchiv\/wp-content\/uploads\/2021\/08\/210813_gr_baer_2330_web.jpg&#8220; alt=&#8220;Bewegung Gr. B\u00e4r 2330&#8243; title_text=&#8220;210813_gr_baer_2330_web&#8220; _builder_version=&#8220;4.9.11&#8243; _module_preset=&#8220;default&#8220; global_colors_info=&#8220;{}&#8220;][\/et_pb_image][et_pb_image src=&#8220;https:\/\/sterneerleben.info\/beobachtungsarchiv\/wp-content\/uploads\/2021\/08\/210813_gr_baer_2400_web.jpg&#8220; alt=&#8220;Bewegung Gr. B\u00e4r 2400&#8243; title_text=&#8220;210813_gr_baer_2400_web&#8220; _builder_version=&#8220;4.9.11&#8243; _module_preset=&#8220;default&#8220; global_colors_info=&#8220;{}&#8220;][\/et_pb_image][et_pb_image src=&#8220;https:\/\/sterneerleben.info\/beobachtungsarchiv\/wp-content\/uploads\/2021\/08\/210813_gr_baer_0030_web.jpg&#8220; alt=&#8220;Bewegung Gr. B\u00e4r 0030&#8243; title_text=&#8220;210813_gr_baer_0030_web&#8220; _builder_version=&#8220;4.9.11&#8243; _module_preset=&#8220;default&#8220; global_colors_info=&#8220;{}&#8220;][\/et_pb_image][et_pb_image src=&#8220;https:\/\/sterneerleben.info\/beobachtungsarchiv\/wp-content\/uploads\/2021\/08\/210813_gr_baer_0100_web.jpg&#8220; alt=&#8220;Bewegung Gr. B\u00e4r 0100&#8243; title_text=&#8220;210813_gr_baer_0100_web&#8220; _builder_version=&#8220;4.9.11&#8243; _module_preset=&#8220;default&#8220; global_colors_info=&#8220;{}&#8220;][\/et_pb_image][et_pb_image src=&#8220;https:\/\/sterneerleben.info\/beobachtungsarchiv\/wp-content\/uploads\/2021\/08\/210813_gr_baer_alle_web.jpg&#8220; alt=&#8220;Bewegung Gr. B\u00e4r alle&#8220; title_text=&#8220;210813_gr_baer_alle_web&#8220; _builder_version=&#8220;4.9.11&#8243; _module_preset=&#8220;default&#8220; global_colors_info=&#8220;{}&#8220;][\/et_pb_image][\/et_pb_column][\/et_pb_row][et_pb_row _builder_version=&#8220;4.9.4&#8243; _module_preset=&#8220;default&#8220; global_colors_info=&#8220;{}&#8220;][et_pb_column type=&#8220;4_4&#8243; _builder_version=&#8220;4.9.4&#8243; _module_preset=&#8220;default&#8220; global_colors_info=&#8220;{}&#8220;][et_pb_text _builder_version=&#8220;4.9.11&#8243; _module_preset=&#8220;default&#8220; text_font_size=&#8220;11px&#8220; global_colors_info=&#8220;{}&#8220;]<\/p>\n<p><span style=\"color: #999999;\">Aktualisiert am 14.08.2021 \/ heinz.hofer[\u00e4t]quicknet.ch<\/span><\/p>\n<p>[\/et_pb_text][\/et_pb_column][\/et_pb_row][\/et_pb_section]<\/p>\n","protected":false},"excerpt":{"rendered":"<p>13. August 2021: Der Grosse B\u00e4r geht in der Schweiz nie unter13.08.2021, 22.00 &#8211; 01.00 Uhr, Wilderswil, Richtung Harder (Norden): Der Grosse B\u00e4r und der Kleine B\u00e4r mit dem Polarstern wurden alle rund 30 Minuten fotografiert (22.00, 22.30, 23.00, 23.30, 24.00, 00.30 und 01.00 Uhr). Verfolge einmal die Bewegung der Sterne. Auf dem letzten Bild [&hellip;]<\/p>\n","protected":false},"author":1,"featured_media":0,"parent":0,"menu_order":0,"comment_status":"closed","ping_status":"closed","template":"","meta":{"_et_pb_use_builder":"on","_et_pb_old_content":"","_et_gb_content_width":"","footnotes":""},"class_list":["post-1470","page","type-page","status-publish","hentry"],"_links":{"self":[{"href":"https:\/\/sterneerleben.info\/beobachtungsarchiv\/wp-json\/wp\/v2\/pages\/1470","targetHints":{"allow":["GET"]}}],"collection":[{"href":"https:\/\/sterneerleben.info\/beobachtungsarchiv\/wp-json\/wp\/v2\/pages"}],"about":[{"href":"https:\/\/sterneerleben.info\/beobachtungsarchiv\/wp-json\/wp\/v2\/types\/page"}],"author":[{"embeddable":true,"href":"https:\/\/sterneerleben.info\/beobachtungsarchiv\/wp-json\/wp\/v2\/users\/1"}],"replies":[{"embeddable":true,"href":"https:\/\/sterneerleben.info\/beobachtungsarchiv\/wp-json\/wp\/v2\/comments?post=1470"}],"version-history":[{"count":10,"href":"https:\/\/sterneerleben.info\/beobachtungsarchiv\/wp-json\/wp\/v2\/pages\/1470\/revisions"}],"predecessor-version":[{"id":1487,"href":"https:\/\/sterneerleben.info\/beobachtungsarchiv\/wp-json\/wp\/v2\/pages\/1470\/revisions\/1487"}],"wp:attachment":[{"href":"https:\/\/sterneerleben.info\/beobachtungsarchiv\/wp-json\/wp\/v2\/media?parent=1470"}],"curies":[{"name":"wp","href":"https:\/\/api.w.org\/{rel}","templated":true}]}}

<p>[et_pb_section fb_built=&#8220;1&#8243; _builder_version=&#8220;4.9.2&#8243; _module_preset=&#8220;default&#8220; background_color=&#8220;#222222&#8243; global_colors_info=&#8220;{}&#8220;][et_pb_row _builder_version=&#8220;4.9.2&#8243; _module_preset=&#8220;default&#8220; global_colors_info=&#8220;{}&#8220;][et_pb_column type=&#8220;4_4&#8243; _builder_version=&#8220;4.9.2&#8243; _module_preset=&#8220;default&#8220; global_colors_info=&#8220;{}&#8220;][et_pb_text _builder_version=&#8220;4.9.11&#8243; _module_preset=&#8220;default&#8220; text_text_color=&#8220;#DBDBDB&#8220; header_text_color=&#8220;#DBDBDB&#8220; custom_padding=&#8220;0px|||||&#8220; global_colors_info=&#8220;{}&#8220;]</p>
<h1>13. August 2021: Der Grosse Bär geht in der Schweiz nie unter</h1>
<p>[/et_pb_text][et_pb_image src=&#8220;https://sterneerleben.info/beobachtungsarchiv/wp-content/uploads/2021/08/210813_gr_baer_2200_ohne_web.jpg&#8220; alt=&#8220;Bewegung Gr. Bär 2200 ohne Striche&#8220; title_text=&#8220;210813_gr_baer_2200_ohne_web&#8220; _builder_version=&#8220;4.9.11&#8243; _module_preset=&#8220;default&#8220; hover_enabled=&#8220;0&#8243; global_colors_info=&#8220;{}&#8220; sticky_enabled=&#8220;0&#8243;][/et_pb_image][et_pb_text _builder_version=&#8220;4.9.11&#8243; _module_preset=&#8220;default&#8220; text_text_color=&#8220;#DBDBDB&#8220; custom_padding=&#8220;||0px|||&#8220; hover_enabled=&#8220;0&#8243; global_colors_info=&#8220;{}&#8220; sticky_enabled=&#8220;0&#8243;]</p>
<p>13.08.2021, 22.00 &#8211; 01.00 Uhr, Wilderswil, Richtung Harder (Norden): Der Grosse Bär und der Kleine Bär mit dem Polarstern wurden alle rund 30 Minuten fotografiert (22.00, 22.30, 23.00, 23.30, 24.00, 00.30 und 01.00 Uhr). Verfolge einmal die Bewegung der Sterne. Auf dem letzten Bild siehst du alle 7 Positionen der Sternbilder auf einem Bild.<br />Nikon D850: 4 s, f/2.8, 1600 ISO, 24 mm [24-70 mm] (Foto: hh).</p>
<p>[/et_pb_text][et_pb_image src=&#8220;https://sterneerleben.info/beobachtungsarchiv/wp-content/uploads/2021/08/210813_gr_baer_2200_web.jpg&#8220; alt=&#8220;Bewegung Gr. Bär 2200&#8243; title_text=&#8220;210813_gr_baer_2200_web&#8220; _builder_version=&#8220;4.9.11&#8243; _module_preset=&#8220;default&#8220; global_colors_info=&#8220;{}&#8220;][/et_pb_image][et_pb_image src=&#8220;https://sterneerleben.info/beobachtungsarchiv/wp-content/uploads/2021/08/210813_gr_baer_2230_web.jpg&#8220; alt=&#8220;Grosser Bär&#8220; title_text=&#8220;210813_gr_baer_2230_web&#8220; _builder_version=&#8220;4.9.11&#8243; _module_preset=&#8220;default&#8220; global_colors_info=&#8220;{}&#8220;][/et_pb_image][et_pb_image src=&#8220;https://sterneerleben.info/beobachtungsarchiv/wp-content/uploads/2021/08/210813_gr_baer_2300_web.jpg&#8220; alt=&#8220;Bewegung Gr. Bär 2300&#8243; title_text=&#8220;210813_gr_baer_2300_web&#8220; _builder_version=&#8220;4.9.11&#8243; _module_preset=&#8220;default&#8220; global_colors_info=&#8220;{}&#8220;][/et_pb_image][et_pb_image src=&#8220;https://sterneerleben.info/beobachtungsarchiv/wp-content/uploads/2021/08/210813_gr_baer_2330_web.jpg&#8220; alt=&#8220;Bewegung Gr. Bär 2330&#8243; title_text=&#8220;210813_gr_baer_2330_web&#8220; _builder_version=&#8220;4.9.11&#8243; _module_preset=&#8220;default&#8220; global_colors_info=&#8220;{}&#8220;][/et_pb_image][et_pb_image src=&#8220;https://sterneerleben.info/beobachtungsarchiv/wp-content/uploads/2021/08/210813_gr_baer_2400_web.jpg&#8220; alt=&#8220;Bewegung Gr. Bär 2400&#8243; title_text=&#8220;210813_gr_baer_2400_web&#8220; _builder_version=&#8220;4.9.11&#8243; _module_preset=&#8220;default&#8220; global_colors_info=&#8220;{}&#8220;][/et_pb_image][et_pb_image src=&#8220;https://sterneerleben.info/beobachtungsarchiv/wp-content/uploads/2021/08/210813_gr_baer_0030_web.jpg&#8220; alt=&#8220;Bewegung Gr. Bär 0030&#8243; title_text=&#8220;210813_gr_baer_0030_web&#8220; _builder_version=&#8220;4.9.11&#8243; _module_preset=&#8220;default&#8220; global_colors_info=&#8220;{}&#8220;][/et_pb_image][et_pb_image src=&#8220;https://sterneerleben.info/beobachtungsarchiv/wp-content/uploads/2021/08/210813_gr_baer_0100_web.jpg&#8220; alt=&#8220;Bewegung Gr. Bär 0100&#8243; title_text=&#8220;210813_gr_baer_0100_web&#8220; _builder_version=&#8220;4.9.11&#8243; _module_preset=&#8220;default&#8220; global_colors_info=&#8220;{}&#8220;][/et_pb_image][et_pb_image src=&#8220;https://sterneerleben.info/beobachtungsarchiv/wp-content/uploads/2021/08/210813_gr_baer_alle_web.jpg&#8220; alt=&#8220;Bewegung Gr. Bär alle&#8220; title_text=&#8220;210813_gr_baer_alle_web&#8220; _builder_version=&#8220;4.9.11&#8243; _module_preset=&#8220;default&#8220; global_colors_info=&#8220;{}&#8220;][/et_pb_image][/et_pb_column][/et_pb_row][et_pb_row _builder_version=&#8220;4.9.4&#8243; _module_preset=&#8220;default&#8220; global_colors_info=&#8220;{}&#8220;][et_pb_column type=&#8220;4_4&#8243; _builder_version=&#8220;4.9.4&#8243; _module_preset=&#8220;default&#8220; global_colors_info=&#8220;{}&#8220;][et_pb_text _builder_version=&#8220;4.9.11&#8243; _module_preset=&#8220;default&#8220; text_font_size=&#8220;11px&#8220; global_colors_info=&#8220;{}&#8220;]</p>
<p><span style="color: #999999;">Aktualisiert am 14.08.2021 / heinz.hofer[ät]quicknet.ch</span></p>
<p>[/et_pb_text][/et_pb_column][/et_pb_row][/et_pb_section]</p>

<p>13. August 2021: Der Grosse Bär geht in der Schweiz nie unter13.08.2021, 22.00 &#8211; 01.00 Uhr, Wilderswil, Richtung Harder (Norden): Der Grosse Bär und der Kleine Bär mit dem Polarstern wurden alle rund 30 Minuten fotografiert (22.00, 22.30, 23.00, 23.30, 24.00, 00.30 und 01.00 Uhr). Verfolge einmal die Bewegung der Sterne. Auf dem letzten Bild [&hellip;]</p>
