{"id":1448,"date":"2021-08-13T00:26:40","date_gmt":"2021-08-12T22:26:40","guid":{"rendered":"https:\/\/sterneerleben.info\/beobachtungsarchiv\/?page_id=1448"},"modified":"2021-08-22T14:00:34","modified_gmt":"2021-08-22T12:00:34","slug":"11-08-21-grosser-baer","status":"publish","type":"page","link":"https:\/\/sterneerleben.info\/beobachtungsarchiv\/11-08-21-grosser-baer\/","title":{"rendered":"11.08.21 Grosser B\u00e4r"},"content":{"rendered":"<p>[et_pb_section fb_built=&#8220;1&#8243; _builder_version=&#8220;4.9.2&#8243; _module_preset=&#8220;default&#8220; background_color=&#8220;#222222&#8243; global_colors_info=&#8220;{}&#8220;][et_pb_row _builder_version=&#8220;4.9.2&#8243; _module_preset=&#8220;default&#8220; global_colors_info=&#8220;{}&#8220;][et_pb_column type=&#8220;4_4&#8243; _builder_version=&#8220;4.9.2&#8243; _module_preset=&#8220;default&#8220; global_colors_info=&#8220;{}&#8220;][et_pb_text _builder_version=&#8220;4.10.3&#8243; _module_preset=&#8220;default&#8220; text_text_color=&#8220;#DBDBDB&#8220; header_text_color=&#8220;#DBDBDB&#8220; custom_padding=&#8220;0px|||||&#8220; global_colors_info=&#8220;{}&#8220;]<\/p>\n<h1>11. August 2021: Der Grosse B\u00e4r senkt sich zum Horizont herunter<\/h1>\n<p>[\/et_pb_text][et_pb_image src=&#8220;https:\/\/sterneerleben.info\/beobachtungsarchiv\/wp-content\/uploads\/2021\/08\/210811_DSC_1172_01_web.jpg&#8220; alt=&#8220;Grosser Wagen&#8220; title_text=&#8220;210811_DSC_1172_01_web&#8220; _builder_version=&#8220;4.9.11&#8243; _module_preset=&#8220;default&#8220; global_colors_info=&#8220;{}&#8220;][\/et_pb_image][et_pb_text _builder_version=&#8220;4.10.3&#8243; _module_preset=&#8220;default&#8220; text_text_color=&#8220;#DBDBDB&#8220; custom_padding=&#8220;||0px|||&#8220; global_colors_info=&#8220;{}&#8220;]<\/p>\n<p>11.08.2021, 21.43 Uhr, Wilderswil, Richtung Harder (Norden): Die (astronomische) D\u00e4mmerung beginnt und die hellsten Sterne kommen zum Vorschein. Hier ist der Grosse Wagen knapp zu erkennen. Verl\u00e4ngert man die hintere Wand des Wagens so kommt man zum Polarstern, der eigentlich gar nicht sonderlich hell ist. Am Polarstern ist noch der Kleine Wagen angebunden. Weshalb der Grosse Wagen auch Grosser B\u00e4r genannt wird, erf\u00e4hrst du weiter unten.<br \/>Nikon D850: 3 s, f\/2.8, 400 ISO, 24 mm [24-70 mm] (Foto: hh).<\/p>\n<p>[\/et_pb_text][et_pb_image src=&#8220;https:\/\/sterneerleben.info\/beobachtungsarchiv\/wp-content\/uploads\/2021\/08\/210811_DSC_1172_01_striche_web.jpg&#8220; alt=&#8220;Grosser Wagen&#8220; title_text=&#8220;210811_DSC_1172_01_striche_web&#8220; _builder_version=&#8220;4.9.11&#8243; _module_preset=&#8220;default&#8220; global_colors_info=&#8220;{}&#8220;][\/et_pb_image][et_pb_image src=&#8220;https:\/\/sterneerleben.info\/beobachtungsarchiv\/wp-content\/uploads\/2021\/08\/210811_DSC_1179_02_web.jpg&#8220; alt=&#8220;Grosser B\u00e4r&#8220; title_text=&#8220;210811_DSC_1179_02_web&#8220; _builder_version=&#8220;4.9.11&#8243; _module_preset=&#8220;default&#8220; global_colors_info=&#8220;{}&#8220;][\/et_pb_image][et_pb_text _builder_version=&#8220;4.10.3&#8243; _module_preset=&#8220;default&#8220; text_text_color=&#8220;#DBDBDB&#8220; custom_padding=&#8220;||0px|||&#8220; hover_enabled=&#8220;0&#8243; global_colors_info=&#8220;{}&#8220; sticky_enabled=&#8220;0&#8243;]<\/p>\n<p>11.08.2021, 21.58 Uhr, Wilderswil: Langsam kommen auch schw\u00e4chere Sterne zum Vorschein und der Grosse B\u00e4r taucht auf. Nur die Vordertatze ist nicht ganz zu erkennen, da sie von einem Baum verdeckt wird.<br \/>Nikon D850: 3 s, f\/2.8, 800 ISO, 24 mm [24-70 mm] (Foto: hh).<\/p>\n<p>[\/et_pb_text][et_pb_image src=&#8220;https:\/\/sterneerleben.info\/beobachtungsarchiv\/wp-content\/uploads\/2021\/08\/210811_DSC_1179_02_striche_web.jpg&#8220; alt=&#8220;Grosser B\u00e4r&#8220; title_text=&#8220;210811_DSC_1179_02_striche_web&#8220; _builder_version=&#8220;4.9.11&#8243; _module_preset=&#8220;default&#8220; global_colors_info=&#8220;{}&#8220;][\/et_pb_image][\/et_pb_column][\/et_pb_row][et_pb_row _builder_version=&#8220;4.9.4&#8243; _module_preset=&#8220;default&#8220; global_colors_info=&#8220;{}&#8220;][et_pb_column type=&#8220;4_4&#8243; _builder_version=&#8220;4.9.4&#8243; _module_preset=&#8220;default&#8220; global_colors_info=&#8220;{}&#8220;][et_pb_text _builder_version=&#8220;4.9.11&#8243; _module_preset=&#8220;default&#8220; text_font_size=&#8220;11px&#8220; global_colors_info=&#8220;{}&#8220;]<\/p>\n<p><span style=\"color: #999999;\">Aktualisiert am 13.08.2021 \/ heinz.hofer[\u00e4t]quicknet.ch<\/span><\/p>\n<p>[\/et_pb_text][\/et_pb_column][\/et_pb_row][\/et_pb_section]<\/p>\n","protected":false},"excerpt":{"rendered":"<p>11. August 2021: Der Grosse B\u00e4r senkt sich zum Horizont herunter11.08.2021, 21.43 Uhr, Wilderswil, Richtung Harder (Norden): Die (astronomische) D\u00e4mmerung beginnt und die hellsten Sterne kommen zum Vorschein. Hier ist der Grosse Wagen knapp zu erkennen. Verl\u00e4ngert man die hintere Wand des Wagens so kommt man zum Polarstern, der eigentlich gar nicht sonderlich hell ist. [&hellip;]<\/p>\n","protected":false},"author":1,"featured_media":0,"parent":0,"menu_order":0,"comment_status":"closed","ping_status":"closed","template":"","meta":{"_et_pb_use_builder":"on","_et_pb_old_content":"","_et_gb_content_width":"","footnotes":""},"class_list":["post-1448","page","type-page","status-publish","hentry"],"_links":{"self":[{"href":"https:\/\/sterneerleben.info\/beobachtungsarchiv\/wp-json\/wp\/v2\/pages\/1448","targetHints":{"allow":["GET"]}}],"collection":[{"href":"https:\/\/sterneerleben.info\/beobachtungsarchiv\/wp-json\/wp\/v2\/pages"}],"about":[{"href":"https:\/\/sterneerleben.info\/beobachtungsarchiv\/wp-json\/wp\/v2\/types\/page"}],"author":[{"embeddable":true,"href":"https:\/\/sterneerleben.info\/beobachtungsarchiv\/wp-json\/wp\/v2\/users\/1"}],"replies":[{"embeddable":true,"href":"https:\/\/sterneerleben.info\/beobachtungsarchiv\/wp-json\/wp\/v2\/comments?post=1448"}],"version-history":[{"count":8,"href":"https:\/\/sterneerleben.info\/beobachtungsarchiv\/wp-json\/wp\/v2\/pages\/1448\/revisions"}],"predecessor-version":[{"id":1517,"href":"https:\/\/sterneerleben.info\/beobachtungsarchiv\/wp-json\/wp\/v2\/pages\/1448\/revisions\/1517"}],"wp:attachment":[{"href":"https:\/\/sterneerleben.info\/beobachtungsarchiv\/wp-json\/wp\/v2\/media?parent=1448"}],"curies":[{"name":"wp","href":"https:\/\/api.w.org\/{rel}","templated":true}]}}