{"id":1069,"date":"2021-05-31T17:49:10","date_gmt":"2021-05-31T15:49:10","guid":{"rendered":"https:\/\/sterneerleben.info\/beobachtungsarchiv\/?page_id=1069"},"modified":"2021-05-31T17:49:17","modified_gmt":"2021-05-31T15:49:17","slug":"06-02-12-roter-stern","status":"publish","type":"page","link":"https:\/\/sterneerleben.info\/beobachtungsarchiv\/06-02-12-roter-stern\/","title":{"rendered":"06.02.12 Roter &#8222;Stern&#8220;"},"content":{"rendered":"<p>[et_pb_section fb_built=&#8220;1&#8243; _builder_version=&#8220;4.9.2&#8243; _module_preset=&#8220;default&#8220; background_color=&#8220;#222222&#8243;][et_pb_row _builder_version=&#8220;4.9.2&#8243; _module_preset=&#8220;default&#8220;][et_pb_column type=&#8220;4_4&#8243; _builder_version=&#8220;4.9.2&#8243; _module_preset=&#8220;default&#8220;][et_pb_text _builder_version=&#8220;4.9.4&#8243; _module_preset=&#8220;default&#8220; text_text_color=&#8220;#DBDBDB&#8220; header_text_color=&#8220;#DBDBDB&#8220; custom_padding=&#8220;0px|||||&#8220; hover_enabled=&#8220;0&#8243; sticky_enabled=&#8220;0&#8243;]<\/p>\n<h1>06. Feb. 2012: Der rote &#8222;Stern&#8220; tummelt sich im &#8222;B\u00fcgeleisen&#8220; herum<\/h1>\n<p>[\/et_pb_text][et_pb_image src=&#8220;https:\/\/sterneerleben.info\/beobachtungsarchiv\/wp-content\/uploads\/2021\/05\/120206_mars_web_II.jpg&#8220; alt=&#8220;Mars im L\u00f6wen&#8220; title_text=&#8220;120206_mars_web_II&#8220; _builder_version=&#8220;4.9.4&#8243; _module_preset=&#8220;default&#8220; hover_enabled=&#8220;0&#8243; sticky_enabled=&#8220;0&#8243;][\/et_pb_image][et_pb_text _builder_version=&#8220;4.9.4&#8243; _module_preset=&#8220;default&#8220; text_text_color=&#8220;#DBDBDB&#8220; custom_padding=&#8220;||0px|||&#8220; hover_enabled=&#8220;0&#8243; sticky_enabled=&#8220;0&#8243;]<\/p>\n<p>06.02.2012, 01.00 Uhr, Wilderswil: Blick gegen SO (Schynige Platte). Das &#8222;B\u00fcgeleisen&#8220;, wie er manchmal etwas unh\u00f6flich genannt wird, ist der L\u00f6we.<br \/>Nikon D3s: 1 s, f\/1.4, 1600 ISO, 24 mm (Foto: hh).<\/p>\n<p>[\/et_pb_text][et_pb_image src=&#8220;https:\/\/sterneerleben.info\/beobachtungsarchiv\/wp-content\/uploads\/2021\/05\/120206_mars_striche_web_II.jpg&#8220; _builder_version=&#8220;4.9.4&#8243; _module_preset=&#8220;default&#8220; alt=&#8220;Mars im L\u00f6wen&#8220; title_text=&#8220;120206_mars_striche_web_II&#8220; hover_enabled=&#8220;0&#8243; sticky_enabled=&#8220;0&#8243;][\/et_pb_image][\/et_pb_column][\/et_pb_row][et_pb_row _builder_version=&#8220;4.9.4&#8243; _module_preset=&#8220;default&#8220;][et_pb_column type=&#8220;4_4&#8243; _builder_version=&#8220;4.9.4&#8243; _module_preset=&#8220;default&#8220;][et_pb_text _builder_version=&#8220;4.9.4&#8243; _module_preset=&#8220;default&#8220; text_font_size=&#8220;11px&#8220;]<\/p>\n<p><span style=\"color: #999999;\">Aktualisiert am 27.05.2021 \/ heinz.hofer[\u00e4t]quicknet.ch<\/span><\/p>\n<p>[\/et_pb_text][\/et_pb_column][\/et_pb_row][\/et_pb_section]<\/p>\n","protected":false},"excerpt":{"rendered":"<p>06. Feb. 2012: Der rote &#8222;Stern&#8220; tummelt sich im &#8222;B\u00fcgeleisen&#8220; herum06.02.2012, 01.00 Uhr, Wilderswil: Blick gegen SO (Schynige Platte). Das &#8222;B\u00fcgeleisen&#8220;, wie er manchmal etwas unh\u00f6flich genannt wird, ist der L\u00f6we.Nikon D3s: 1 s, f\/1.4, 1600 ISO, 24 mm (Foto: hh).Aktualisiert am 27.05.2021 \/ heinz.hofer[\u00e4t]quicknet.ch<\/p>\n","protected":false},"author":1,"featured_media":0,"parent":0,"menu_order":0,"comment_status":"closed","ping_status":"closed","template":"","meta":{"_et_pb_use_builder":"on","_et_pb_old_content":"","_et_gb_content_width":"","footnotes":""},"class_list":["post-1069","page","type-page","status-publish","hentry"],"_links":{"self":[{"href":"https:\/\/sterneerleben.info\/beobachtungsarchiv\/wp-json\/wp\/v2\/pages\/1069","targetHints":{"allow":["GET"]}}],"collection":[{"href":"https:\/\/sterneerleben.info\/beobachtungsarchiv\/wp-json\/wp\/v2\/pages"}],"about":[{"href":"https:\/\/sterneerleben.info\/beobachtungsarchiv\/wp-json\/wp\/v2\/types\/page"}],"author":[{"embeddable":true,"href":"https:\/\/sterneerleben.info\/beobachtungsarchiv\/wp-json\/wp\/v2\/users\/1"}],"replies":[{"embeddable":true,"href":"https:\/\/sterneerleben.info\/beobachtungsarchiv\/wp-json\/wp\/v2\/comments?post=1069"}],"version-history":[{"count":3,"href":"https:\/\/sterneerleben.info\/beobachtungsarchiv\/wp-json\/wp\/v2\/pages\/1069\/revisions"}],"predecessor-version":[{"id":1074,"href":"https:\/\/sterneerleben.info\/beobachtungsarchiv\/wp-json\/wp\/v2\/pages\/1069\/revisions\/1074"}],"wp:attachment":[{"href":"https:\/\/sterneerleben.info\/beobachtungsarchiv\/wp-json\/wp\/v2\/media?parent=1069"}],"curies":[{"name":"wp","href":"https:\/\/api.w.org\/{rel}","templated":true}]}}

<p>[et_pb_section fb_built=&#8220;1&#8243; _builder_version=&#8220;4.9.2&#8243; _module_preset=&#8220;default&#8220; background_color=&#8220;#222222&#8243;][et_pb_row _builder_version=&#8220;4.9.2&#8243; _module_preset=&#8220;default&#8220;][et_pb_column type=&#8220;4_4&#8243; _builder_version=&#8220;4.9.2&#8243; _module_preset=&#8220;default&#8220;][et_pb_text _builder_version=&#8220;4.9.4&#8243; _module_preset=&#8220;default&#8220; text_text_color=&#8220;#DBDBDB&#8220; header_text_color=&#8220;#DBDBDB&#8220; custom_padding=&#8220;0px|||||&#8220; hover_enabled=&#8220;0&#8243; sticky_enabled=&#8220;0&#8243;]</p>
<h1>06. Feb. 2012: Der rote &#8222;Stern&#8220; tummelt sich im &#8222;Bügeleisen&#8220; herum</h1>
<p>[/et_pb_text][et_pb_image src=&#8220;https://sterneerleben.info/beobachtungsarchiv/wp-content/uploads/2021/05/120206_mars_web_II.jpg&#8220; alt=&#8220;Mars im Löwen&#8220; title_text=&#8220;120206_mars_web_II&#8220; _builder_version=&#8220;4.9.4&#8243; _module_preset=&#8220;default&#8220; hover_enabled=&#8220;0&#8243; sticky_enabled=&#8220;0&#8243;][/et_pb_image][et_pb_text _builder_version=&#8220;4.9.4&#8243; _module_preset=&#8220;default&#8220; text_text_color=&#8220;#DBDBDB&#8220; custom_padding=&#8220;||0px|||&#8220; hover_enabled=&#8220;0&#8243; sticky_enabled=&#8220;0&#8243;]</p>
<p>06.02.2012, 01.00 Uhr, Wilderswil: Blick gegen SO (Schynige Platte). Das &#8222;Bügeleisen&#8220;, wie er manchmal etwas unhöflich genannt wird, ist der Löwe.<br />Nikon D3s: 1 s, f/1.4, 1600 ISO, 24 mm (Foto: hh).</p>
<p>[/et_pb_text][et_pb_image src=&#8220;https://sterneerleben.info/beobachtungsarchiv/wp-content/uploads/2021/05/120206_mars_striche_web_II.jpg&#8220; _builder_version=&#8220;4.9.4&#8243; _module_preset=&#8220;default&#8220; alt=&#8220;Mars im Löwen&#8220; title_text=&#8220;120206_mars_striche_web_II&#8220; hover_enabled=&#8220;0&#8243; sticky_enabled=&#8220;0&#8243;][/et_pb_image][/et_pb_column][/et_pb_row][et_pb_row _builder_version=&#8220;4.9.4&#8243; _module_preset=&#8220;default&#8220;][et_pb_column type=&#8220;4_4&#8243; _builder_version=&#8220;4.9.4&#8243; _module_preset=&#8220;default&#8220;][et_pb_text _builder_version=&#8220;4.9.4&#8243; _module_preset=&#8220;default&#8220; text_font_size=&#8220;11px&#8220;]</p>
<p><span style="color: #999999;">Aktualisiert am 27.05.2021 / heinz.hofer[ät]quicknet.ch</span></p>
<p>[/et_pb_text][/et_pb_column][/et_pb_row][/et_pb_section]</p>

<p>06. Feb. 2012: Der rote &#8222;Stern&#8220; tummelt sich im &#8222;Bügeleisen&#8220; herum06.02.2012, 01.00 Uhr, Wilderswil: Blick gegen SO (Schynige Platte). Das &#8222;Bügeleisen&#8220;, wie er manchmal etwas unhöflich genannt wird, ist der Löwe.Nikon D3s: 1 s, f/1.4, 1600 ISO, 24 mm (Foto: hh).Aktualisiert am 27.05.2021 / heinz.hofer[ät]quicknet.ch</p>
