{"id":1040,"date":"2021-05-31T11:26:52","date_gmt":"2021-05-31T09:26:52","guid":{"rendered":"https:\/\/sterneerleben.info\/beobachtungsarchiv\/?page_id=1040"},"modified":"2021-05-31T11:29:59","modified_gmt":"2021-05-31T09:29:59","slug":"25-12-13-jupiter-360","status":"publish","type":"page","link":"https:\/\/sterneerleben.info\/beobachtungsarchiv\/25-12-13-jupiter-360\/","title":{"rendered":"25.12.13 Jupiter 360\u00b0"},"content":{"rendered":"<p>[et_pb_section fb_built=&#8220;1&#8243; _builder_version=&#8220;4.9.2&#8243; _module_preset=&#8220;default&#8220; background_color=&#8220;#222222&#8243;][et_pb_row _builder_version=&#8220;4.9.2&#8243; _module_preset=&#8220;default&#8220;][et_pb_column type=&#8220;4_4&#8243; _builder_version=&#8220;4.9.2&#8243; _module_preset=&#8220;default&#8220;][et_pb_text _builder_version=&#8220;4.9.4&#8243; _module_preset=&#8220;default&#8220; text_text_color=&#8220;#DBDBDB&#8220; header_text_color=&#8220;#DBDBDB&#8220; custom_padding=&#8220;0px|||||&#8220; hover_enabled=&#8220;0&#8243; sticky_enabled=&#8220;0&#8243;]<\/p>\n<h1>25. Dez. 2013: Jupiter hat sich ein Tierkreissternbild weiterbewegt<\/h1>\n<p>[\/et_pb_text][et_pb_image src=&#8220;https:\/\/sterneerleben.info\/beobachtungsarchiv\/wp-content\/uploads\/2021\/05\/131225_kattdalen_web_II-scaled.jpg&#8220; alt=&#8220;Kattdalen&#8220; title_text=&#8220;131225_kattdalen_web_II&#8220; _builder_version=&#8220;4.9.4&#8243; _module_preset=&#8220;default&#8220; hover_enabled=&#8220;0&#8243; sticky_enabled=&#8220;0&#8243;][\/et_pb_image][et_pb_text _builder_version=&#8220;4.9.4&#8243; _module_preset=&#8220;default&#8220; text_text_color=&#8220;#DBDBDB&#8220; custom_padding=&#8220;||0px|||&#8220; hover_enabled=&#8220;0&#8243; sticky_enabled=&#8220;0&#8243;]<\/p>\n<p>360\u00b0-Panorama<\/p>\n<p>Im Bild unten ist das Panorama vergr\u00f6ssert abgebildet. Bleibt man mit dem Cursor und gleichzeitigem Bet\u00e4tigen der linken Maustaste auf dem Bild, so bleibt es stehen.<\/p>\n<p>25.12..2013, 19.46 Uhr, Kattdalen (N\u00e4he Troms\u00f6, No): Vergleiche &#8222;14.01.2013: Die Sternspuren&#8220;: Damals stand Jupiter noch im Stier. Jetzt steht er am Rande der Zwillinge (Bild ganz nach rechts scrollen!). Jupiter ist mit einem Kreis markiert und sitzt auf einer Verbindungslinie der Zwillinge. Auf diesem Bildausschnitt sieht man rechts von den Zwillingen den Kopf des Orions (Kreis), ganz rechts (ebenfalls umkreist) die Plejaden (Siebengestirn), den Stier mit den H\u00f6rner und den Fuhrmann mit den Zicklein. Links unterhalb der Zwillinge ist der Krebs mit dem Sternenhaufen Krippe aufzufinden und gleich daneben der Kopf des Fr\u00fchlingssternbildes L\u00f6we. Scrollt man nun nach links zur\u00fcck, erscheint zuerst der Grosse B\u00e4r und unterhalb des Schwanzes die Jagdhunde. Scrollt man weiter nach links taucht das Sommerdreieck auf. Umkreist sind die drei Hauptsterne: Deneb im Schwan, Wega in der Leier und Atair vom Adler. Die restlichen Sterne des Adlers sieht man nicht. Ebenfalls zum Sommerdreieck geh\u00f6ren der Pfeil und der Delfin. Scrollt man weiter nach links erscheint zuerst ein Teil des Wassermannes (Dreieck mit eingeschlossenem viertem Stern) und danach das Herbststernbild Pegasus. Unterhalb des Pegasus sind die Fische auszumachen. Das Sternbild Andromeda mit dem Andromedanebel (Kreis) schliesst an Pegasus an. Am linken Rand sind noch die Sternbilder Dreieck und Widder zu sehen.<br \/>Nikon D4: zusammengesetzt aus 8 Einzelbildern: 1.6 s, f\/2.8, 12&#8217;800 ISO, 14 mm [14-24 mm] (Foto: hh).<\/p>\n<p>[\/et_pb_text][et_pb_wptools_image_carousel slidestoshow=&#8220;1&#8243; _builder_version=&#8220;4.9.4&#8243; _module_preset=&#8220;default&#8220; hover_enabled=&#8220;0&#8243; sticky_enabled=&#8220;0&#8243;][et_pb_wptools_carousel_image_item _builder_version=&#8220;4.9.4&#8243; _module_preset=&#8220;default&#8220; alt=&#8220;01&#8243; title_text=&#8220;131225_kattdalen_web_II_01&#8243; src=&#8220;https:\/\/sterneerleben.info\/beobachtungsarchiv\/wp-content\/uploads\/2021\/05\/131225_kattdalen_web_II_01-scaled.jpg&#8220; hover_enabled=&#8220;0&#8243; sticky_enabled=&#8220;0&#8243;][\/et_pb_wptools_carousel_image_item][et_pb_wptools_carousel_image_item _builder_version=&#8220;4.9.4&#8243; _module_preset=&#8220;default&#8220; alt=&#8220;02&#8243; title_text=&#8220;131225_kattdalen_web_II_02&#8243; src=&#8220;https:\/\/sterneerleben.info\/beobachtungsarchiv\/wp-content\/uploads\/2021\/05\/131225_kattdalen_web_II_02-scaled.jpg&#8220; hover_enabled=&#8220;0&#8243; sticky_enabled=&#8220;0&#8243;][\/et_pb_wptools_carousel_image_item][et_pb_wptools_carousel_image_item _builder_version=&#8220;4.9.4&#8243; _module_preset=&#8220;default&#8220; alt=&#8220;03&#8243; title_text=&#8220;131225_kattdalen_web_II_03&#8243; src=&#8220;https:\/\/sterneerleben.info\/beobachtungsarchiv\/wp-content\/uploads\/2021\/05\/131225_kattdalen_web_II_03-scaled.jpg&#8220; hover_enabled=&#8220;0&#8243; sticky_enabled=&#8220;0&#8243;][\/et_pb_wptools_carousel_image_item][et_pb_wptools_carousel_image_item _builder_version=&#8220;4.9.4&#8243; _module_preset=&#8220;default&#8220; alt=&#8220;04&#8243; title_text=&#8220;131225_kattdalen_web_II_04&#8243; src=&#8220;https:\/\/sterneerleben.info\/beobachtungsarchiv\/wp-content\/uploads\/2021\/05\/131225_kattdalen_web_II_04-scaled.jpg&#8220; hover_enabled=&#8220;0&#8243; sticky_enabled=&#8220;0&#8243;][\/et_pb_wptools_carousel_image_item][et_pb_wptools_carousel_image_item _builder_version=&#8220;4.9.4&#8243; _module_preset=&#8220;default&#8220; alt=&#8220;05&#8243; title_text=&#8220;131225_kattdalen_web_II_05&#8243; src=&#8220;https:\/\/sterneerleben.info\/beobachtungsarchiv\/wp-content\/uploads\/2021\/05\/131225_kattdalen_web_II_05-scaled.jpg&#8220; hover_enabled=&#8220;0&#8243; sticky_enabled=&#8220;0&#8243;][\/et_pb_wptools_carousel_image_item][\/et_pb_wptools_image_carousel][\/et_pb_column][\/et_pb_row][et_pb_row _builder_version=&#8220;4.9.4&#8243; _module_preset=&#8220;default&#8220;][et_pb_column type=&#8220;4_4&#8243; _builder_version=&#8220;4.9.4&#8243; _module_preset=&#8220;default&#8220;][et_pb_text _builder_version=&#8220;4.9.4&#8243; _module_preset=&#8220;default&#8220; text_font_size=&#8220;11px&#8220; hover_enabled=&#8220;0&#8243; sticky_enabled=&#8220;0&#8243;]<\/p>\n<p><span style=\"color: #999999;\">Aktualisiert am 31.05.2021 \/ heinz.hofer[\u00e4t]quicknet.ch<\/span><\/p>\n<p>[\/et_pb_text][\/et_pb_column][\/et_pb_row][\/et_pb_section]<\/p>\n","protected":false},"excerpt":{"rendered":"<p>25. Dez. 2013: Jupiter hat sich ein Tierkreissternbild weiterbewegt360\u00b0-Panorama Im Bild unten ist das Panorama vergr\u00f6ssert abgebildet. Bleibt man mit dem Cursor und gleichzeitigem Bet\u00e4tigen der linken Maustaste auf dem Bild, so bleibt es stehen. 25.12..2013, 19.46 Uhr, Kattdalen (N\u00e4he Troms\u00f6, No): Vergleiche &#8222;14.01.2013: Die Sternspuren&#8220;: Damals stand Jupiter noch im Stier. Jetzt steht er [&hellip;]<\/p>\n","protected":false},"author":1,"featured_media":0,"parent":0,"menu_order":0,"comment_status":"closed","ping_status":"closed","template":"","meta":{"_et_pb_use_builder":"on","_et_pb_old_content":"","_et_gb_content_width":"","footnotes":""},"class_list":["post-1040","page","type-page","status-publish","hentry"],"_links":{"self":[{"href":"https:\/\/sterneerleben.info\/beobachtungsarchiv\/wp-json\/wp\/v2\/pages\/1040","targetHints":{"allow":["GET"]}}],"collection":[{"href":"https:\/\/sterneerleben.info\/beobachtungsarchiv\/wp-json\/wp\/v2\/pages"}],"about":[{"href":"https:\/\/sterneerleben.info\/beobachtungsarchiv\/wp-json\/wp\/v2\/types\/page"}],"author":[{"embeddable":true,"href":"https:\/\/sterneerleben.info\/beobachtungsarchiv\/wp-json\/wp\/v2\/users\/1"}],"replies":[{"embeddable":true,"href":"https:\/\/sterneerleben.info\/beobachtungsarchiv\/wp-json\/wp\/v2\/comments?post=1040"}],"version-history":[{"count":5,"href":"https:\/\/sterneerleben.info\/beobachtungsarchiv\/wp-json\/wp\/v2\/pages\/1040\/revisions"}],"predecessor-version":[{"id":1050,"href":"https:\/\/sterneerleben.info\/beobachtungsarchiv\/wp-json\/wp\/v2\/pages\/1040\/revisions\/1050"}],"wp:attachment":[{"href":"https:\/\/sterneerleben.info\/beobachtungsarchiv\/wp-json\/wp\/v2\/media?parent=1040"}],"curies":[{"name":"wp","href":"https:\/\/api.w.org\/{rel}","templated":true}]}}