{"id":1020,"date":"2021-05-31T10:41:52","date_gmt":"2021-05-31T08:41:52","guid":{"rendered":"https:\/\/sterneerleben.info\/beobachtungsarchiv\/?page_id=1020"},"modified":"2021-05-31T10:42:50","modified_gmt":"2021-05-31T08:42:50","slug":"21-12-13-tiefe-sonne","status":"publish","type":"page","link":"https:\/\/sterneerleben.info\/beobachtungsarchiv\/21-12-13-tiefe-sonne\/","title":{"rendered":"21.12.13 Sonnwende"},"content":{"rendered":"<p>[et_pb_section fb_built=&#8220;1&#8243; _builder_version=&#8220;4.9.2&#8243; _module_preset=&#8220;default&#8220; background_color=&#8220;#222222&#8243;][et_pb_row _builder_version=&#8220;4.9.2&#8243; _module_preset=&#8220;default&#8220;][et_pb_column type=&#8220;4_4&#8243; _builder_version=&#8220;4.9.2&#8243; _module_preset=&#8220;default&#8220;][et_pb_text _builder_version=&#8220;4.9.4&#8243; _module_preset=&#8220;default&#8220; text_text_color=&#8220;#DBDBDB&#8220; header_text_color=&#8220;#DBDBDB&#8220; custom_padding=&#8220;0px|||||&#8220; hover_enabled=&#8220;0&#8243; sticky_enabled=&#8220;0&#8243;]<\/p>\n<h1>21. Dez. 2013: Wintersonnwende in Hamar (No)<\/h1>\n<p>[\/et_pb_text][et_pb_image src=&#8220;https:\/\/sterneerleben.info\/beobachtungsarchiv\/wp-content\/uploads\/2021\/05\/131221_hamar_sonne_web_II.jpg&#8220; alt=&#8220;Wintersonnwende Hamar&#8220; title_text=&#8220;131221_hamar_sonne_web_II&#8220; _builder_version=&#8220;4.9.4&#8243; _module_preset=&#8220;default&#8220; hover_enabled=&#8220;0&#8243; sticky_enabled=&#8220;0&#8243;][\/et_pb_image][et_pb_text _builder_version=&#8220;4.9.4&#8243; _module_preset=&#8220;default&#8220; text_text_color=&#8220;#DBDBDB&#8220; custom_padding=&#8220;||0px|||&#8220; hover_enabled=&#8220;0&#8243; sticky_enabled=&#8220;0&#8243;]<\/p>\n<p>21.12.2013, 12.30 Uhr, Hamar (No): Hamar liegt auf rund 61\u00b0 n.Br. Heute (Sommersonnwende) erreicht die Sonne um 12.15 Uhr die geringste Mittagsh\u00f6he \u00fcber dem Horizont. Sie klettert nur noch wenig \u00fcber den Horizont. Da die Foto mit einem Weitwinkel-Objektiv (14 mm) aufgenommen wurde, wird die tiefe Lage der Sonne noch verst\u00e4rkt dargestellt. Links im Bild ist die Olympiahalle von 1994 &#8222;Vikingskibet&#8220; zu sehen. Die Sonne steht ziemlich genau im S\u00fcden.<\/p>\n<p>Bild (leider schlechte Qualit\u00e4t, da Originale verloren gingen): Panorama aus drei Bildern: Nikon D800: Daten f\u00fcr die ersten zwei Bilder: 1\/125 s, f\/11, 100 ISO, 14 mm [14-24 mm f\/2.8]. Beim dritten Bild wurde noch eine Bild mit folgenden Daten \u00fcberlagert, damit die Sonne kreisf\u00f6rmig erscheint: 1\/8000 s, f\/22, 100 ISO, 14 mm [14-24 mm f\/2.8] (Foto: hh).<\/p>\n<p>[\/et_pb_text][\/et_pb_column][\/et_pb_row][et_pb_row _builder_version=&#8220;4.9.4&#8243; _module_preset=&#8220;default&#8220;][et_pb_column type=&#8220;4_4&#8243; _builder_version=&#8220;4.9.4&#8243; _module_preset=&#8220;default&#8220;][et_pb_text _builder_version=&#8220;4.9.4&#8243; _module_preset=&#8220;default&#8220; text_font_size=&#8220;11px&#8220;]<\/p>\n<p><span style=\"color: #999999;\">Aktualisiert am 27.05.2021 \/ heinz.hofer[\u00e4t]quicknet.ch<\/span><\/p>\n<p>[\/et_pb_text][\/et_pb_column][\/et_pb_row][\/et_pb_section]<\/p>\n","protected":false},"excerpt":{"rendered":"<p>21. Dez. 2013: Wintersonnwende in Hamar (No)21.12.2013, 12.30 Uhr, Hamar (No): Hamar liegt auf rund 61\u00b0 n.Br. Heute (Sommersonnwende) erreicht die Sonne um 12.15 Uhr die geringste Mittagsh\u00f6he \u00fcber dem Horizont. Sie klettert nur noch wenig \u00fcber den Horizont. Da die Foto mit einem Weitwinkel-Objektiv (14 mm) aufgenommen wurde, wird die tiefe Lage der Sonne [&hellip;]<\/p>\n","protected":false},"author":1,"featured_media":0,"parent":0,"menu_order":0,"comment_status":"closed","ping_status":"closed","template":"","meta":{"_et_pb_use_builder":"on","_et_pb_old_content":"","_et_gb_content_width":"","footnotes":""},"class_list":["post-1020","page","type-page","status-publish","hentry"],"_links":{"self":[{"href":"https:\/\/sterneerleben.info\/beobachtungsarchiv\/wp-json\/wp\/v2\/pages\/1020","targetHints":{"allow":["GET"]}}],"collection":[{"href":"https:\/\/sterneerleben.info\/beobachtungsarchiv\/wp-json\/wp\/v2\/pages"}],"about":[{"href":"https:\/\/sterneerleben.info\/beobachtungsarchiv\/wp-json\/wp\/v2\/types\/page"}],"author":[{"embeddable":true,"href":"https:\/\/sterneerleben.info\/beobachtungsarchiv\/wp-json\/wp\/v2\/users\/1"}],"replies":[{"embeddable":true,"href":"https:\/\/sterneerleben.info\/beobachtungsarchiv\/wp-json\/wp\/v2\/comments?post=1020"}],"version-history":[{"count":4,"href":"https:\/\/sterneerleben.info\/beobachtungsarchiv\/wp-json\/wp\/v2\/pages\/1020\/revisions"}],"predecessor-version":[{"id":1026,"href":"https:\/\/sterneerleben.info\/beobachtungsarchiv\/wp-json\/wp\/v2\/pages\/1020\/revisions\/1026"}],"wp:attachment":[{"href":"https:\/\/sterneerleben.info\/beobachtungsarchiv\/wp-json\/wp\/v2\/media?parent=1020"}],"curies":[{"name":"wp","href":"https:\/\/api.w.org\/{rel}","templated":true}]}}

<p>[et_pb_section fb_built=&#8220;1&#8243; _builder_version=&#8220;4.9.2&#8243; _module_preset=&#8220;default&#8220; background_color=&#8220;#222222&#8243;][et_pb_row _builder_version=&#8220;4.9.2&#8243; _module_preset=&#8220;default&#8220;][et_pb_column type=&#8220;4_4&#8243; _builder_version=&#8220;4.9.2&#8243; _module_preset=&#8220;default&#8220;][et_pb_text _builder_version=&#8220;4.9.4&#8243; _module_preset=&#8220;default&#8220; text_text_color=&#8220;#DBDBDB&#8220; header_text_color=&#8220;#DBDBDB&#8220; custom_padding=&#8220;0px|||||&#8220; hover_enabled=&#8220;0&#8243; sticky_enabled=&#8220;0&#8243;]</p>
<h1>21. Dez. 2013: Wintersonnwende in Hamar (No)</h1>
<p>[/et_pb_text][et_pb_image src=&#8220;https://sterneerleben.info/beobachtungsarchiv/wp-content/uploads/2021/05/131221_hamar_sonne_web_II.jpg&#8220; alt=&#8220;Wintersonnwende Hamar&#8220; title_text=&#8220;131221_hamar_sonne_web_II&#8220; _builder_version=&#8220;4.9.4&#8243; _module_preset=&#8220;default&#8220; hover_enabled=&#8220;0&#8243; sticky_enabled=&#8220;0&#8243;][/et_pb_image][et_pb_text _builder_version=&#8220;4.9.4&#8243; _module_preset=&#8220;default&#8220; text_text_color=&#8220;#DBDBDB&#8220; custom_padding=&#8220;||0px|||&#8220; hover_enabled=&#8220;0&#8243; sticky_enabled=&#8220;0&#8243;]</p>
<p>21.12.2013, 12.30 Uhr, Hamar (No): Hamar liegt auf rund 61° n.Br. Heute (Sommersonnwende) erreicht die Sonne um 12.15 Uhr die geringste Mittagshöhe über dem Horizont. Sie klettert nur noch wenig über den Horizont. Da die Foto mit einem Weitwinkel-Objektiv (14 mm) aufgenommen wurde, wird die tiefe Lage der Sonne noch verstärkt dargestellt. Links im Bild ist die Olympiahalle von 1994 &#8222;Vikingskibet&#8220; zu sehen. Die Sonne steht ziemlich genau im Süden.</p>
<p>Bild (leider schlechte Qualität, da Originale verloren gingen): Panorama aus drei Bildern: Nikon D800: Daten für die ersten zwei Bilder: 1/125 s, f/11, 100 ISO, 14 mm [14-24 mm f/2.8]. Beim dritten Bild wurde noch eine Bild mit folgenden Daten überlagert, damit die Sonne kreisförmig erscheint: 1/8000 s, f/22, 100 ISO, 14 mm [14-24 mm f/2.8] (Foto: hh).</p>
<p>[/et_pb_text][/et_pb_column][/et_pb_row][et_pb_row _builder_version=&#8220;4.9.4&#8243; _module_preset=&#8220;default&#8220;][et_pb_column type=&#8220;4_4&#8243; _builder_version=&#8220;4.9.4&#8243; _module_preset=&#8220;default&#8220;][et_pb_text _builder_version=&#8220;4.9.4&#8243; _module_preset=&#8220;default&#8220; text_font_size=&#8220;11px&#8220;]</p>
<p><span style="color: #999999;">Aktualisiert am 27.05.2021 / heinz.hofer[ät]quicknet.ch</span></p>
<p>[/et_pb_text][/et_pb_column][/et_pb_row][/et_pb_section]</p>

<p>21. Dez. 2013: Wintersonnwende in Hamar (No)21.12.2013, 12.30 Uhr, Hamar (No): Hamar liegt auf rund 61° n.Br. Heute (Sommersonnwende) erreicht die Sonne um 12.15 Uhr die geringste Mittagshöhe über dem Horizont. Sie klettert nur noch wenig über den Horizont. Da die Foto mit einem Weitwinkel-Objektiv (14 mm) aufgenommen wurde, wird die tiefe Lage der Sonne [&hellip;]</p>
